. Let l = -17 + 8. Let o = l - -3. Give w(o).
-6
Let r(t) = -t**3 - 32*t**2 + 21*t - 22. Let h(z) = -2*z**3 - 72*z**2 + 44*z - 45. Let s(g) = -2*h(g) + 5*r(g). What is s(-17)?
-20
Suppose -11 - 9 = -5*x. Suppose 16 = 25*k - 34. Let l(f) = -k*f**2 + 6*f**2 - 5*f**2 + 4*f + 3 - 2. What is l(x)?
1
Let a(c) = -33*c**2 - c + 1. Suppose 3*d - 6*q + 8*q = 186, -3*d = -q - 195. Suppose -8*r = -d + 56. What is a(r)?
-33
Let b(q) = 8*q**3 - 18*q**2 + q + 4. Let n be b(2). Let o(p) = -7*p**3 - p**2 - 4*p - 3. Calculate o(n).
57
Let c(y) = y**2 - 9*y - 141. Let m be c(-8). Let l be 28/m + 10/((-550)/(-33)). Let u(s) = -s**3 - 4*s**2 + 8*s + 4. Calculate u(l).
-11
Let x(c) = c + 4. Let o(g) = 2*g + 9. Suppose 0 = 5*p - 207 - 23. Let n = p + -43. Let w(f) = n*o(f) - 7*x(f). What is w(-2)?
1
Let t(x) = x**3 - 7*x**2 - 3*x + 14. Let n be (0 + 7/49)*47 - 10/(-35). Determine t(n).
-7
Let r(m) = -m**3 - 7*m**2 - 2*m - 9. Let i be 657/(-6) - (-3 - (-18)/4). Let q = i - -83. Let f = q + 21. What is r(f)?
5
Suppose 455*q - 8 = 457*q. Let o(x) = -x**3 - 5*x + 1. Suppose -1 + 7 = -2*s. Let z(c) = -2*c**3 - c**2 - 5*c. Let v(f) = s*o(f) + 2*z(f). What is v(q)?
9
Let l(q) = -20*q + 44. Let s(x) = 226*x - 488. Let a(h) = -34*l(h) - 3*s(h). Calculate a(15).
-2
Let t(m) = 6*m + 71. Let z be (-8)/52*-13*-5. Calculate t(z).
11
Let d(w) = 0*w + 13*w**2 - 4*w - 2*w**2 + 1 - 10*w**2. Let f be ((-2)/(-3))/((-12)/(-54)). Suppose a - f = 1. Give d(a).
1
Let k(p) = -29*p**3 - 10*p**2 - 7*p + 12. Let i(g) = 13*g**3 + 6*g**2 + 4*g - 7. Let f(z) = -7*i(z) - 4*k(z). Let w be (1/(-3))/((-1)/3). Give f(w).
24
Let n(g) = g**2 - 6*g + 2. Let q(j) = j**2. Let b(d) = -4*d**2 + d - 1. Let y(c) = b(c) + 3*q(c). Let r(a) = n(a) + 2*y(a). Determine r(-6).
-12
Suppose 4*k - 6*k = -60. Let i(f) = 32 - 53 - 2*f + k. Let d be (-14)/(4 - (13 - 7)). Give i(d).
-5
Let i(y) = 2. Let o(j) = 11. Let t(r) = 34*i(r) - 6*o(r). Let p(q) = -9. Let m(k) = -6*p(k) - 26*t(k). Let h(w) = w. Let u(z) = 5*h(z) - m(z). Give u(2).
8
Let q(k) = -k - 5. Suppose -4*l = -3*l + 4*f + 17, 4*l + f = -113. Let c(n) = -n**2 + 32*n + 109. Let i be c(36). Let r = i - l. Determine q(r).
1
Suppose 16*f + 37 + 203 = 0. Let s(c) = c**3 + 17*c**2 + 29*c - 21. What is s(f)?
-6
Let h(b) = 40 - 48 + 9 - 5*b**2 - 1 + b + 14. Give h(-4).
-70
Suppose 0 = -0*o + 2*o - 28. Let p be 2 + (-24)/o - 2175/(-105). Suppose -m + p = 19. Let u(g) = g**2 - 2*g - 2. Give u(m).
-2
Let u(j) = -7*j**3 - 4*j**2 - 3. Let a = -107 + 105. Let c(t) = 16*t**3 + 9*t**2 + 8. Let r(y) = a*c(y) - 5*u(y). Let m be (-2)/(-3)*3/2. What is r(m)?
4
Let z(l) = 24*l**2 + 8*l - 68. Let k(h) = -7*h**2 - 3*h + 24. Let x(a) = -7*k(a) - 2*z(a). What is x(-8)?
-8
Let y(u) = 59*u + 2. Let v = -1100 + 1099. Give y(v).
-57
Let x = -2346 + 2354. Let i(o) = -o**2 + 32*o - 193. Calculate i(x).
-1
Let j(s) be the third derivative of 19*s**4/24 - 27*s**3/2 + 2816*s**2. What is j(5)?
14
Suppose -3*y = s + 17, -3*y = -s + 12 + 7. Let t(q) = q**2 + 9*q + 19. Let l be t(y). Let a(p) = 6*p**3 + p**2 - 2*p + 1. Give a(l).
6
Let t(n) be the first derivative of -45*n**2/2 - 728*n + 3498. Calculate t(-16).
-8
Suppose -5*y + 116 = 5*o + 21, -67 = -3*y - 5*o. Let z(d) = 3*d - 58. What is z(y)?
-16
Let t(v) be the second derivative of v**4/12 - 2*v**2 - v. Let x(a) = 10*a + 55. Let d be x(-6). Let j be ((-1)/d)/(72/1080). What is t(j)?
5
Let h(n) = 88 + 29 - 1 + 24*n - 46*n - 21. Calculate h(5).
-15
Let r = -2188 - -2209. Let v(b) = 2*b - 76. What is v(r)?
-34
Let j(q) = q**2 + 2*q + 5. Let g(b) = 3*b**2 + 6*b + 16. Let w(z) = -2*g(z) + 7*j(z). Suppose -y + 1 = 0, -d = -0*d + 6*y - 3. Calculate w(d).
6
Let b(a) = 17*a + 13*a + a**2 - 10*a + 33 - 3*a + 11*a. Give b(-27).
6
Let f be 3 + (-28 - -14) + 12. Let v(g) = -2*g + 10. Determine v(f).
8
Suppose 75900 = -27*n + 76278. Let v(k) = -k**3 + 15*k**2 - 2*k - 3. Determine v(n).
165
Let o(s) be the second derivative of 11*s + 0 - 7/2*s**2 - 1/6*s**3. Suppose -5*x + 25 = -j, 4*j - 11 = -3*x + 4. What is o(j)?
-7
Let c(n) = 2*n**3 - 5*n**2 + 5*n - 13. Suppose -13383 = 9*w - 13419. Calculate c(w).
55
Let s(p) = -2*p. Suppose 0 = -3*r + 2*a - 98, 4 = 2*a - 4. Let z = 32 + r. Suppose 0 - 8 = z*x. What is s(x)?
8
Suppose 4*i - 16 = -4*v, -3*v + 0*i - 2*i = -10. Suppose -3*x - v*t + 12 = -3, -5*t = 2*x - 10. Let w(n) = -x*n + 3*n - 19 - 4*n + 23. What is w(3)?
-14
Let d = 3 - 12. Suppose -3*f + 67 = 58. Let t(g) = f*g**3 - 9*g**2 + 0*g**3 - 3*g**3 + g - 3*g - g**3 + 4. Give t(d).
22
Suppose 37 = 2*p - 77. Let k = p - 53. Let f(l) be the third derivative of -l**5/60 + l**4/8 + l**3/3 - l**2. Determine f(k).
-2
Let f(s) = -45*s + 24. Let v = -6727 - -6724. Give f(v).
159
Let l(k) = k**2 + 3*k - 1. Suppose 5*c + 24 - 29 = -5*r, 3 = -c. Suppose r*s + 15 = -5. Determine l(s).
9
Let q = -8153 + 8155. Let d(x) be the first derivative of 4/3*x**3 + 9 - 1/4*x**4 + 6*x + 5/2*x**q. Calculate d(5).
6
Let q(z) = -94 + 6*z - 76 - 11*z + 32 + 8*z. Determine q(38).
-24
Let u(y) be the second derivative of y**3/2 - 2*y**2 + 72*y. Let v(c) = -12*c + 13. Let m(b) = 7*u(b) + 2*v(b). Calculate m(2).
-8
Let g(u) be the second derivative of -u**6/40 - u**5/15 - u**4/12 + u**3/6 - 3*u**2 - 3*u - 12. Let r(a) be the first derivative of g(a). Calculate r(-2).
13
Let r(v) = -v**3 - 3*v**2 - 3*v - 3. Suppose 0 = -4*q + 8, 4*k + 28 = 5*q + 6. Give r(k).
6
Let i(t) = -2*t**3 + 106*t**2 + 3*t - 168. Let n(l) = l**3 + 222*l**2 - 2*l + 53. Let v be n(0). Calculate i(v).
-9
Let a(s) = -1501*s + 1506*s - 236 + 236. Let u be 4/(-6) + (-10)/3. Calculate a(u).
-20
Let x(y) = y**2 + 13*y - 9. Let z(g) = g**2 + 8*g - 7. Let w(m) = -2*x(m) + 3*z(m). Let b = -4 - -1. Determine w(b).
12
Let w(v) be the second derivative of 3*v**3/2 + 110*v**2 + 1857*v. Calculate w(-26).
-14
Suppose 22*k + 0*k - 132 = 0. Suppose -19*n + 17*n - k = 0, -4*t = 2*n + 2. Let z(d) = 14*d - 1. What is z(t)?
13
Let y be (-2)/(-9) - 32/(-18) - -1. Let x be y + (4/4 - 2). Let i(w) = w - 1 + w + w. Calculate i(x).
5
Let l(q) = 6*q - 5. Suppose 44 = -z - z + 4*n, -5*z + n = 119. Let m be (z/42)/(8/(-28)). Determine l(m).
7
Let s(i) = -959*i - 958*i - 4 + 2883*i - 963*i - i**2 + 3. Let z = -1 + 0. Let j(g) = g**2 - g. Let a(v) = z*s(v) - 2*j(v). Calculate a(-4).
-11
Let h(m) = m**2 - 6*m - 2. Let f = -134 + 137. Let s be (8/f - (-4)/(-6)) + 3. Give h(s).
-7
Suppose -14 = 5*b - 24. Let h(v) = -v + 14 - 3*v - 8*v + v**b. Let p be h(11). Let q(g) = 2*g - 6. Give q(p).
0
Let k(l) = -5 + 4*l + 5. Suppose 2142 = -41*y + 2183. Give k(y).
4
Let z(d) = -2*d**2 - 9*d - 9. Let w(n) = -8*n**2 - 35*n - 35. Let v(y) = -2*w(y) + 9*z(y). Calculate v(-5).
-6
Let l(y) = -y**2 + y. Let r(j) = -4*j**2 - 4*j. Let q(i) = 5*l(i) - r(i). Let m(d) = d + 46. Let x = -276 - -237. Let t be m(x). Give q(t).
14
Let w(g) = -5*g**3 + 9*g**2 - 13*g - 7. Let b(i) = 4*i**3 - 8*i**2 + 12*i + 7. Suppose 33*p = 24*p + 54. Let d(j) = p*b(j) + 5*w(j). What is d(-5)?
22
Suppose -3*d = -2*g - 23, 4*g - 6*d = -10*d - 16. Let z(o) = o**3 + 5*o**2 - 10*o - 9. Determine z(g).
-37
Let k(c) be the third derivative of 1/6*c**3 + 0 - 1/24*c**4 + 0*c - 2*c**2. Let n be (-36)/(-192)*12 + 3/4. What is k(n)?
-2
Let v(l) = -2*l**3 - 22*l**2 + 21. Let s be 2 + (13/3)/(63/(-189)). What is v(s)?
21
Let f(z) = 97*z - 1751. Let h be f(18). Let j(y) = 18*y - 3. Give j(h).
-93
Let b(q) = 15*q - 1. Let d(u) be the third derivative of -28*u**2 + 1/6*u**4 + 0 + 5/2*u**3 + 0*u. Let r be d(-4). Determine b(r).
-16
Let a(z) = 5*z**2 + 40*z - 14. Let k(n) = 3*n**2 - n - 1. Let l(v) = -a(v) + k(v). Calculate l(-21).
-8
Let a(p) = 35*p - 906. Let f be a(26). Let u(g) = -g**3 + 4*g**2 - 2*g. Determine u(f).
-8
Let x(f) = -16*f - 4. Let y = 3708 - 3707. What is x(y)?
-20
Let l(w) = -19*w - 244. Let n(y) = 5*y + 44. Let k(b) = -2*l(b) - 9*n(b). What is k(13)?
1
Suppose -60*z - 121*z = -362. Let v(i) = 10*i - 24. What is v(z)?
-4
Let m(r) = -3*r + 21. Suppose -71*w + 51*w + 136 = -54*w. Give m(w).
33
Let u(q) = -5*q - 38. Suppose 61*d - 16*d = -9*d - 756. What is u(d)?
32
Let b(q) be the third derivative of -q**4/12 - 10*q**3/3 + 454*q**2 - q. Let j = 9 - 19. Give b(j).
0
Suppose 11*l + 96 = 125 + 147. Let b(v) = -v**3 + 16*v**2 + v - 16. Calculate b(l).
0
Let k(a) = -a**2 + 10*a + 22. Let t be 2/(